4*q + 136 = l, -l + q = 3*l - 514. Calculate the highest common factor of l and k.
16
Suppose 0 = -0*d - 2*d + 5*o + 75, 2*d + o - 45 = 0. Suppose 625 = 5*a - 0*a. Calculate the greatest common factor of a and d.
25
Let n = 25 + -15. What is the highest common factor of n and 15?
5
Let v be 4/14 + (-990)/35. Let s = v + 48. Calculate the greatest common factor of 100 and s.
20
Let k = 32 - 30. Let v be -2*(-3)/k - 1. Let t(x) = -x - 1. Let g be t(-4). Calculate the highest common factor of g and v.
1
Let v(y) be the third derivative of -y**5/60 - y**4/24 + 25*y**3/6 - y**2. Let n be v(0). Calculate the greatest common factor of 50 and n.
25
Suppose 12 + 8 = -4*g. Let z be ((-14)/g)/(2/10). Suppose 2*y = -2*w + 3*w + 32, 5*y - 54 = -4*w. What is the highest common factor of y and z?
14
Let g be (-4)/6 + 2/3. Suppose g = -2*q + q + 45. Suppose 3*s = 4*s - 15. What is the greatest common divisor of q and s?
15
Let a = -3 + 6. Suppose -a*f - 2*t = 132, t = -2*t. Let x be 6/((-3)/1) - f. Calculate the highest common factor of 14 and x.
14
Suppose -2*u + 2 + 9 = 3*a, 0 = -3*u - a + 13. Calculate the highest common factor of u and 16.
4
Let n = -157 + 178. Calculate the greatest common divisor of 21 and n.
21
Let k(f) = f**3 - 4*f**2 + f - 4. Let o = 0 + 4. Let j be k(o). Suppose -z + 4*z - 72 = j. Calculate the highest common divisor of 8 and z.
8
Let s be 6256/24 - 2/3. Calculate the highest common factor of s and 26.
26
Let h(k) = k. Let m be h(7). Let u be 22/(-8)*(1 - 29). Calculate the highest common divisor of m and u.
7
Let z be 10*((-8)/(-10))/2. Suppose -22 + 23 = x. Calculate the greatest common divisor of x and z.
1
Let h = 92 + 43. Let i = 42 + -27. What is the highest common factor of h and i?
15
Suppose 3*h = -3*t + 132, t + 88 = 2*h - 4*t. What is the highest common divisor of 110 and h?
22
Suppose 4*w - 2*u = w + 694, 2*u = w - 226. Calculate the greatest common divisor of 26 and w.
26
Let b = -1 + 3. Let r = b + 1. Calculate the highest common divisor of r and 12.
3
Let d(k) = 6*k**2 - 3*k - 4. Let a be d(-2). What is the highest common divisor of 78 and a?
26
Let r be (-1)/(20/8 - 2). Let b be r/1*(-14 - -2). What is the greatest common divisor of 8 and b?
8
Suppose 2*x = -0*x + 76. Let r = x - 16. Let h = 338 + -305. Calculate the highest common divisor of r and h.
11
Let v be ((-9)/6)/(6/(-24)). Let x = 66 - v. Calculate the highest common divisor of 6 and x.
6
Let v = 10 + -5. What is the highest common factor of v and 5?
5
Suppose 2 = h - 0. Let t(a) = 16*a - 2. Let r be t(h). Let p = 1 - -5. Calculate the highest common divisor of r and p.
6
Let t be (3 - 2) + (-54)/(-9). Calculate the highest common divisor of 28 and t.
7
Suppose -2*j - 5*y + 200 + 260 = 0, -5*j = -2*y - 1208. Calculate the greatest common factor of 60 and j.
60
Let i be (11 - -4)*(-8)/(-3). Suppose 3*q - 5*y = 32, y + 8 = q - 0*y. What is the highest common divisor of i and q?
4
Suppose 0*p + 3 = p. Suppose 5*f = p + 17. Suppose -f*a + 5 = -35. What is the highest common divisor of a and 90?
10
Let a(b) = -b**2 + 8*b - 7. Let i be a(5). Calculate the greatest common factor of i and 14.
2
Suppose -2*s + 2*b = -442, -2*s + 443 = -2*b - b. Calculate the highest common factor of 20 and s.
20
Suppose -43 = 2*q - 329. What is the highest common divisor of 13 and q?
13
Suppose 5*j + 25 = c, -j - 2*j = -c + 31. Suppose 4*h - 16 = 2*h. What is the greatest common factor of h and c?
8
Let l be (-18)/(1*6/(-9)). Calculate the greatest common factor of 216 and l.
27
Let f(n) = 12*n + 4. Let r be f(5). Calculate the highest common divisor of r and 8.
8
Let r(g) = g**2 + 2*g + 2. Let a be r(-2). Suppose 3*u + p = 25, 4*u - 33 = a*p - 3. Let k = -4 + u. What is the highest common factor of k and 2?
2
Suppose -125 = -5*r - 0*a + 4*a, -15 = 3*a. Suppose -r - 15 = -4*c. Calculate the highest common factor of 45 and c.
9
Suppose 672 = -0*c + 12*c. Calculate the highest common factor of 21 and c.
7
Suppose -5*l + k = -12, 0 = -3*l - 2*l + 3*k + 16. What is the highest common factor of l and 34?
2
Suppose -3*s - 4*w + 9 = -55, 4*s = -2*w + 72. Let q = s - 25. Let a = q - -20. What is the greatest common factor of a and 77?
11
Let n = 93 - 77. Let p be 81/2 - 2/4. What is the highest common divisor of p and n?
8
Let m = -37 + 62. What is the greatest common divisor of 10 and m?
5
Let v be ((-6)/4 + 2)*146. Let y = 23 - v. Let j be 55/2*(-60)/y. What is the highest common factor of j and 3?
3
Suppose 0 = t + 1 - 11. What is the greatest common divisor of 30 and t?
10
Suppose -5*r - 2*s = -13, 3*s - 4*s - 1 = 0. Calculate the highest common divisor of r and 21.
3
Suppose 48 = i - 4*i. Let m = 61 + i. Calculate the highest common divisor of 30 and m.
15
Let t(v) = -v**2 - 8*v - 3. Let m be t(-7). Suppose x = -0 + m. Suppose 3*b + 1 = 2*j - 22, -2*b + 70 = x*j. Calculate the highest common factor of j and 176.
16
Let n be 1 - (2 - (5 + -1)). What is the greatest common divisor of n and 15?
3
Suppose 0 = -3*z - z + 440. Suppose -40 = -2*l - 2*l. What is the highest common factor of z and l?
10
Let f(k) be the third derivative of 5*k**4/24 - k**3 - k**2. Let d be f(4). Let n = 154 + -126. What is the highest common divisor of n and d?
14
Suppose 0 = -5*j + 12 - 2. Let n = j - -5. What is the greatest common divisor of n and 56?
7
Let d = -73 + 76. Calculate the greatest common factor of 12 and d.
3
Let t = -21 - -35. Let k = -62 + 76. What is the greatest common factor of k and t?
14
Let s = -2 - -4. Suppose s*x + z + 49 = 5*x, 0 = 2*x + 3*z - 51. Calculate the highest common factor of x and 18.
18
Suppose m - 32 = -3*m. Suppose -h + 2*h = 80. Calculate the greatest common factor of m and h.
8
Let z = -11 - -21. What is the highest common divisor of z and 20?
10
Let v = -15 + 31. Calculate the highest common factor of 160 and v.
16
Let o(h) = h**3 + 15*h**2 - 2*h - 16. Let v be o(-15). Calculate the greatest common factor of 35 and v.
7
Suppose -z = -3*z + 4. Suppose 2*j - z = 4. Suppose -j*x + 32 = -7. What is the greatest common divisor of x and 13?
13
Suppose 14 = 2*f - 4*q, -7*q - 18 = -3*f - 2*q. What is the greatest common factor of 16 and f?
1
Let l(q) = -22*q**3 - 9*q**3 + 10*q**3 + 2*q + 1. Let f be l(-1). What is the highest common divisor of f and 8?
4
Let o = -2 - -3. Let b(j) = 3*j**3 + 2*j - 1. Let v be b(o). Calculate the highest common factor of 44 and v.
4
Suppose 0*t + t = -2*v + 183, t + v = 179. What is the greatest common divisor of t and 35?
35
Let w = -458 - -470. Suppose 28 = -3*s + 5*s. Let a = -6 + s. Calculate the highest common divisor of a and w.
4
Let b = 14 + -6. What is the greatest common divisor of b and 8?
8
Let j be ((-4)/6)/((-13)/(-39)). Let w be j*(95/2)/(-1). Calculate the greatest common divisor of 38 and w.
19
Suppose 352 - 110 = 11*t. Let w be (-114)/(-10) - (-2)/(-5). What is the greatest common divisor of w and t?
11
Let f be (2 - -1) + (1 - 3). Suppose 0 = -3*w + 5 + 1. Suppose 0 = b - w + 1. Calculate the greatest common divisor of b and f.
1
Suppose 0 = r + d - 7, -4*d = -9*d. What is the highest common factor of r and 35?
7
Let r = -6 - -44. What is the highest common divisor of 57 and r?
19
Suppose -2*f + 3*p = -333, -5*f + 5*p = -f - 663. Calculate the highest common factor of 18 and f.
18
Let y be 10/15*(-1 - -16). What is the highest common factor of y and 20?
10
Suppose 4*y - 5*y = 5*w - 49, -4*w + 2*y + 42 = 0. What is the highest common factor of 5 and w?
5
Let w = 3 - -6. What is the greatest common divisor of w and 63?
9
Suppose -2*t + 3 = -d, -3*d - 7 - 13 = 5*t. Let n be (-132)/d + 12/(-30). Calculate the greatest common factor of 13 and n.
13
Let x be ((-20)/15)/(4/(-30)). Let n = -18 + 28. What is the highest common factor of x and n?
10
Let p be 60/8*60/9. What is the highest common factor of p and 10?
10
Let c(f) = -24*f - 3. Let a be c(-2). Calculate the highest common divisor of a and 15.
15
Let x = -355 + 544. Calculate the highest common factor of 21 and x.
21
Suppose 4*r = 4 + 4. Let i be (r - 14)*(-16)/6. Suppose 3*x + 255 = 6*x - 5*q, 3*q = -x + 71. Calculate the greatest common factor of i and x.
16
Let c be (-3)/1*(-49)/3. Let i = -51 - -58. What is the greatest common factor of c and i?
7
Let b(c) = -c**3 + 